 60?
39
What is the remainder when -3 + (-20)/((-20)/1383) is divided by 14?
8
Let d be 2 - -15*224/(-21). Let o = -136 - d. Calculate the remainder when 63 is divided by o.
19
Let l(x) = -110*x - 6320. What is the remainder when 18179 is divided by l(-58)?
59
Let y(f) = f**2 + 4*f. Let v be y(-6). Calculate the remainder when (9/v)/((-444)/112 + 4) is divided by 13.
8
What is the remainder when 2289 is divided by (-11 - 84/(-8))*-34?
11
Suppose 6 = 3*l - 3*b, 5*l - 1050*b = -1055*b + 40. What is the remainder when 7 is divided by l?
2
Let f be 3*(-1 - (-7)/3). Calculate the remainder when (177/(-9))/(((-1)/(-2 - -3))/6) is divided by 98/f - 1/2.
22
Let b = -649 - -1086. Let m(v) = 39*v**3 + 8*v**2 - 7*v. Calculate the remainder when b is divided by m(1).
37
Calculate the remainder when (8/28)/((-4)/(-36204)) is divided by 199.
198
Let p be -1 + -1 + 3 - 2*1. Calculate the remainder when 36 is divided by (-1 - p)/1 - 184/(-46).
0
Let l = -248 + 296. Suppose 2*y + 120 = -2*y. What is the remainder when l is divided by y/(-25)*100/12?
8
Let f = -28403 - -28412. What is the remainder when 2985 is divided by f?
6
Let x(a) = a**2 - 11*a - 12. Let c = 49 - 37. Let y be x(c). Suppose 4*d + 3*o - 212 = -d, -5*o + 20 = y. What is the remainder when d is divided by 22?
18
Suppose -174*a = -3*x - 173*a + 2147, 4*a + 2868 = 4*x. Calculate the remainder when x is divided by 327.
61
Let j(f) = -f**3 - 7*f**2 + 39*f + 9. Let c be j(-11). Suppose c = 149*h - 141*h. Calculate the remainder when 84 is divided by h.
4
Let f = -25 + 41. Suppose -14 = -j + 5*l - 7, -3*j - l + 21 = 0. Suppose j*i - 4*i - 11 = -4*x, -5*i + 2*x = -53. What is the remainder when f is divided by i?
7
Let s(c) = c**3 + 4*c**2 - 4710*c - 9425. Let x(k) be the second derivative of k**3/6 + 5*k**2/2 + k. Calculate the remainder when s(-2) is divided by x(-4).
0
Let v(g) = -g**2 - 4. Let m be (4/(-2))/(1 + 0 - 2). Let o be v(m). What is the remainder when 70 is divided by -3 + (-1 - o) + 20?
22
Let u(j) = -25*j + 149. Suppose 9*b = b + 40. What is the remainder when 31 is divided by u(b)?
7
Let c = -83 - 199. Let r = 315 + c. What is the remainder when 93 is divided by r?
27
Let y = -119 + -1740. Let j = -995 - y. Suppose 2*h + 1081 = 5*c, -2*c = 2*c - 2*h - j. Calculate the remainder when c is divided by 44.
41
Let u(z) = z**3 + 11*z**2 - 109*z - 71. Calculate the remainder when 82 is divided by u(-17).
34
Let s = -80 - -130. Let p = 2225 + -2211. Calculate the remainder when s is divided by p.
8
Let b be (316/(-6))/((-2)/6). Suppose -r + b = r. Let x(i) = i**3 - 54*i**2 + 37*i + 858. Calculate the remainder when r is divided by x(53).
9
Let s = 142 - 98. Calculate the remainder when s is divided by ((-20)/(2 + -7))/(-5*(-32)/520).
5
Let n be (9 - 11)/(-1 + 3/6). Suppose n*m - 9*m = 210. Let q = m - -47. What is the remainder when 34 is divided by q?
4
Let d(z) = -z**3 - 15*z**2 - 23*z + 35. Let f be d(-11). Let a = 139 - f. What is the remainder when a is divided by 6?
5
What is the remainder when (-8742)/(-4)*(-18)/(-27)*1 is divided by 27?
26
Let x(g) = 6*g**2 + 91*g + 473. Let u(p) = p**2 + 18*p + 95. Let a(b) = -11*u(b) + 2*x(b). What is the remainder when 495 is divided by a(-7)?
61
Suppose 45*z = -4*a + 40*z + 582, -4*a = 2*z - 576. Calculate the remainder when 875 is divided by a.
17
Let s(n) = -3*n**3 - 5*n**2 + n - 5. Let p(f) = -2*f**2 - 12*f - 8. Let d be p(-5). Suppose -d*w = -28 - 26. Calculate the remainder when s(-4) is divided by w.
22
Suppose -1 = n, 2*h - n = -0*h + 5. Suppose -l - 689 = -5*z - 0*z, h*z = 5*l + 271. Let r = z + -135. What is the remainder when 17 is divided by r?
2
What is the remainder when 303/2 + (-285)/(-30) + -11 is divided by 2/6 + (-452)/(-12)?
36
Suppose 0*i = 3*i - 339. Let k be (55 - 8)*(1 - 0). Suppose 0 = 2*a - 7*a + b + 100, 3*a + 2*b = k. Calculate the remainder when i is divided by a.
18
Let o(m) = 878*m - 8724. Calculate the remainder when 2276 is divided by o(10).
36
Let m be (-75)/(-35)*7*56/6. Suppose 4*i - 196 = -t, 7*t - 6*t + m = 3*i. Calculate the remainder when 61 is divided by i.
13
Suppose -113*g + 1873 = -9427. What is the remainder when g is divided by 74?
26
Let c = 28 + -21. Let n(v) = 1 - 2 + v - c*v. Calculate the remainder when n(-4) is divided by 8.
7
Let a = -109 - -125. Suppose 25*k - a*k = 351. Calculate the remainder when 112 is divided by k.
34
Let l(w) = -w + 4. Suppose 0 = -13*x + 284 + 431. What is the remainder when x is divided by l(-4)?
7
Calculate the remainder when 69 is divided by 171/3 + 2*(-5 + 2).
18
Suppose t - 22 = -19. Suppose 241 = 3*g + 2*r + 59, 12 = t*r. Calculate the remainder when 405 is divided by g.
57
Let b = -8416 - -9118. What is the remainder when b is divided by 179?
165
Let t be 6/7*15/((-135)/(-42)). Suppose 143 = t*u + 5*r, 4*u = 2*r - r + 125. Calculate the remainder when u is divided by 11.
10
What is the remainder when (18*(-14)/(-168))/((-9)/(-2766)) is divided by 42?
41
Let g be -4*(335/20 - -2). Let s = 66 + g. What is the remainder when 52 is divided by (s/3 + 6)/(6/56)?
24
Suppose 0 = -2*w + 39 - 23. Suppose 5*u - 405 = -5*l, l + 6*u - 87 = 2*u. What is the remainder when l is divided by w?
7
Suppose 461*j - 2419 = 460*j. What is the remainder when j is divided by 54?
43
Let n(v) = 72*v**2 + 17*v + 8. Calculate the remainder when n(3) is divided by 238.
231
Suppose -51375*v + 51401*v = 11518. Calculate the remainder when v is divided by 225.
218
Suppose 632 = 4*s + 77*y - 73*y, 3*y - 635 = -4*s. Calculate the remainder when 202 is divided by s.
41
Let i = -9 + 27. What is the remainder when 9*11 + 2 + 0 is divided by 9/(-9) + i*(-2 - -4)?
31
Calculate the remainder when (-40 + -1056)/(3/(-30)) is divided by 19.
16
Suppose 134*t = -774*t - 99*t + 13091. Calculate the remainder when 13270/18 - 24/108 is divided by t.
9
Suppose -3*d = -3*f + 45, 0*f = 3*f + d - 65. Let c = 15 - 19. What is the remainder when c/(-2 - 288/(-148)) is divided by f?
14
Calculate the remainder when (-4008)/(-252) + 4/42 is divided by (-5)/(2*2/(-4)).
1
Calculate the remainder when 478 is divided by ((930/(-25))/(-6))/(6/210).
44
Suppose 0 = -87*o - 3*o + 1080. Suppose 1 + 3 = -4*z. Let i = z + 23. Calculate the remainder when i is divided by o.
10
Let v(d) be the third derivative of 29*d**4/24 - 29*d**3/2 - 38*d**2. Calculate the remainder when v(8) is divided by 51.
43
Suppose -202 = -4*o + 514. Suppose 90*m + 449 - 4499 = 0. What is the remainder when o is divided by m?
44
Calculate the remainder when (3 - (-8 - -9))/((-14)/(-12747)) is divided by 22.
17
Let n(o) = 120*o + 66. Let c(d) = -d**2 - 120*d - 62. Let j(z) = 4*c(z) + 3*n(z). What is the remainder when j(-24) is divided by 16?
14
Suppose 2*y + 2*y = 5*h - 12, -5*h = 3*y + 9. Suppose 6*p + 0*p - 372 = h. Calculate the remainder when p is divided by 2 + 2 + -4 - -13.
10
Let r(v) = 14*v**2 + v. Let s be r(1). Let m(i) = -3*i**3 + 12*i**2 - 9*i - 4. Calculate the remainder when (-3)/s - (-32)/10 is divided by m(2).
1
Calculate the remainder when 160 + 30/(-25)*80/(-16) is divided by 94.
72
Let v(s) = -s**3 - 30*s**2 + 63. What is the remainder when v(-30) is divided by 16?
15
Let u(v) = -12*v - 45. Let x be u(-4). Suppose -3*t - 15 = 0, 4*t + 223 - x = 5*g. What is the remainder when 113 is divided by g?
33
Let r(k) = -19*k**2 - 7*k - 14. Let l be r(10). Let a be 1/3 - l/(-48). Let x = -24 - a. What is the remainder when 64 is divided by x?
13
Suppose -23 + 15 = -4*r. Suppose r*c + 10 = 12. Calculate the remainder when 34 is divided by (9/(-6))/((2/(-16))/c).
10
What is the remainder when (298 - (-1 + 1)) + (32 + -33)*4 is divided by 30?
24
Suppose -94*j + 107064 + 65520 = 0. Calculate the remainder when j is divided by 20.
16
Let a(z) = 3*z - 358. Let j be a(34). What is the remainder when -7 - j/40 - 448/(-5) is divided by 48?
41
Let s = 101 - 50. Suppose 4*n + 0*n - 4*t - 72 = 0, 3*n + 4*t = 54. What is the remainder when s is divided by n?
15
Suppose -28*l = -26*l - 13*l + 1265. What is the remainder when 1952 is divided by l?
112
Suppose f = 13 - 10. Let x(b) = 13*b - 52 - b**2 + 19*b + 7 - 10*b. What is the remainder when x(19) is divided by f?
0
Let x = -17229 - -17319. Calculate the remainder when x is divided by 34.
22
Let v(z) = 13